mon divisor of 869 and 11?
11
What is the highest common factor of 8414 and 56?
14
Calculate the greatest common divisor of 440 and 20.
20
What is the highest common divisor of 82 and 1107?
41
Calculate the highest common divisor of 21 and 357.
21
Calculate the highest common divisor of 45 and 225.
45
Calculate the highest common divisor of 153 and 17.
17
What is the greatest common factor of 45 and 17235?
45
What is the highest common divisor of 136 and 34136?
136
Calculate the highest common factor of 110 and 40.
10
What is the greatest common divisor of 2538 and 470?
94
Calculate the highest common factor of 8690 and 158.
158
Calculate the highest common divisor of 1036 and 1484.
28
What is the greatest common factor of 6223 and 1651?
127
Calculate the highest common divisor of 132 and 462.
66
What is the highest common divisor of 2106 and 78?
78
What is the highest common divisor of 910 and 14?
14
What is the greatest common factor of 33 and 6303?
33
What is the highest common factor of 6 and 993?
3
What is the highest common factor of 133 and 7?
7
Calculate the greatest common factor of 5495 and 245.
35
What is the highest common divisor of 3674 and 66?
22
What is the highest common factor of 558 and 150?
6
What is the greatest common divisor of 407 and 518?
37
Calculate the highest common divisor of 225 and 90.
45
Calculate the highest common divisor of 1216 and 8.
8
Calculate the greatest common factor of 25 and 325.
25
What is the highest common factor of 150 and 270?
30
Calculate the highest common divisor of 6 and 148.
2
What is the greatest common divisor of 66 and 2442?
66
What is the highest common divisor of 80 and 12976?
16
What is the greatest common divisor of 275 and 100?
25
What is the greatest common factor of 56 and 6856?
8
What is the highest common factor of 356 and 4?
4
What is the highest common factor of 1561 and 9589?
223
What is the highest common divisor of 110 and 1232?
22
Calculate the greatest common divisor of 50 and 18375.
25
Calculate the greatest common factor of 312 and 2730.
78
What is the greatest common factor of 6610 and 2?
2
What is the highest common factor of 213 and 142?
71
What is the greatest common divisor of 646 and 1258?
34
Calculate the highest common factor of 36 and 486.
18
What is the greatest common factor of 3 and 647?
1
Calculate the highest common divisor of 63 and 3171.
21
Calculate the greatest common divisor of 185 and 1950.
5
What is the greatest common divisor of 559 and 129?
43
Calculate the greatest common factor of 75 and 165.
15
What is the highest common factor of 1564 and 92?
92
Calculate the highest common divisor of 30 and 20.
10
What is the highest common factor of 1356 and 12?
12
What is the highest common factor of 24 and 1416?
24
Calculate the highest common divisor of 20 and 380.
20
Calculate the greatest common divisor of 42 and 28.
14
Calculate the highest common divisor of 640 and 10.
10
Calculate the greatest common factor of 213 and 3621.
213
Calculate the greatest common factor of 4032 and 160.
32
What is the greatest common factor of 11 and 5357?
11
What is the highest common divisor of 12 and 204?
12
Calculate the greatest common factor of 6 and 46.
2
Calculate the highest common factor of 6103 and 51.
17
Calculate the greatest common divisor of 26520 and 544.
136
What is the greatest common factor of 1196 and 23621?
299
What is the highest common factor of 33 and 2761?
11
What is the highest common factor of 106 and 2014?
106
What is the highest common factor of 169 and 4381?
13
What is the greatest common factor of 35 and 364?
7
What is the greatest common divisor of 595 and 833?
119
Calculate the highest common factor of 75 and 2700.
75
Calculate the greatest common factor of 20 and 380.
20
Calculate the highest common divisor of 540 and 20.
20
What is the highest common factor of 28 and 35?
7
Calculate the highest common factor of 1817 and 395.
79
What is the greatest common divisor of 391 and 529?
23
Calculate the highest common factor of 637 and 26.
13
Calculate the highest common factor of 850 and 2465.
85
Calculate the greatest common factor of 10981 and 278.
139
Calculate the greatest common divisor of 141 and 329.
47
Calculate the highest common factor of 48 and 396.
12
What is the greatest common factor of 215 and 129?
43
What is the highest common divisor of 120 and 288?
24
Calculate the highest common factor of 57 and 741.
57
What is the greatest common divisor of 63 and 228?
3
What is the highest common divisor of 4840 and 22?
22
Calculate the greatest common factor of 228 and 285.
57
What is the highest common divisor of 1815 and 15?
15
What is the highest common factor of 1767 and 465?
93
What is the greatest common factor of 2090 and 19?
19
Calculate the highest common factor of 8 and 7328.
8
Calculate the greatest common factor of 8 and 32.
8
Calculate the highest common divisor of 53 and 13568.
53
Calculate the greatest common divisor of 86 and 5891.
43
Calculate the greatest common divisor of 240 and 36.
12
What is the greatest common divisor of 216 and 120?
24
Calculate the greatest common divisor of 36 and 63.
9
What is the greatest common factor of 640 and 120?
40
Calculate the highest common factor of 3219 and 1044.
87
What is the highest common factor of 48 and 340?
4
What is the highest common divisor of 88 and 152?
8
What is the greatest common divisor of 128 and 80?
16
Calculate the greatest common factor of 1135 and 454.
227
What is the highest common divisor of 3906 and 372?
186
What is the highest common divisor of 2465 and 170?
85
Calculate the highest common divisor of 880 and 160.
80
What is the highest common factor of 15 and 145?
5
What is the highest common factor of 208 and 1222?
26
Calculate the highest common factor of 15 and 1470.
15
What is the greatest common factor of 230 and 40?
10
Calculate the greatest common divisor of 29 and 261.
29
Calculate the greatest common divisor of 94 and 188.
94
What is the highest common factor of 6237 and 405?
81
What is the greatest common divisor of 18 and 606?
6
What is the highest common divisor of 8115 and 15?
15
What is the greatest common factor of 13365 and 165?
165
What is the highest common divisor of 19 and 64?
1
Calculate the highest common factor of 3 and 39.
3
Calculate the highest common factor of 57 and 24.
3
What is the highest common divisor of 1015 and 3915?
145
Calculate the greatest common factor of 52 and 316.
4
Calculate the highest common divisor of 78 and 338.
26
What is the greatest common factor of 15 and 549?
3
What is the greatest common divisor of 208 and 2964?
52
Calculate the highest common factor of 4 and 652.
4
What is the highest common factor of 969 and 57?
57
What is the greatest common divisor of 57049 and 89?
89
What is the highest common divisor of 29 and 29?
29
Calculate the highest common factor of 826 and 112.
14
What is the greatest common factor of 6496 and 348?
116
What is the highest common divisor of 76 and 8?
4
What is the greatest common divisor of 58 and 3277?
29
Calculate the highest common factor of 164 and 738.
82
What is the greatest common divisor of 6325 and 2277?
253
What is the greatest common divisor of 101 and 101?
101
What is the highest common divisor of 412 and 12?
4
What is the greatest common factor of 42 and 228?
6
What is the highest common divisor of 88 and 2332?
44
What is the highest common factor of 3192 and 24?
24
Calculate the greatest common divisor of 301 and 146587.
301
Calculate the greatest common divisor of 22 and 5126.
22
What is the greatest common factor of 84 and 60?
12
What is the highest common factor of 138 and 2829?
69
What is the greatest common divisor of 150 and 6975?
75
Calculate the highest common divisor of 24 and 300.
12
What is the greatest common divisor of 71 and 284?
71
Calculate the greatest common factor of 5 and 2145.
5
What is the highest common divisor of 144 and 84?
12
What is the highest common divisor of 11615 and 303?
101
What is the highest common factor of 12 and 792?
12
What is the greatest common divisor of 49 and 44639?
49
Calculate the greatest common divisor of 10 and 35.
5
What is the highest common factor of 18 and 34?
2
What is the highest common divisor of 3 and 4